{"id":95,"date":"2018-12-11T13:04:23","date_gmt":"2018-12-11T13:04:23","guid":{"rendered":"https:\/\/serveur.slv-valbonne.fr\/blog\/?page_id=95"},"modified":"2018-12-11T13:08:34","modified_gmt":"2018-12-11T13:08:34","slug":"video","status":"publish","type":"page","link":"https:\/\/serveur.slv-valbonne.fr\/blog\/video\/","title":{"rendered":"Vid\u00e9o"},"content":{"rendered":"<p>SLV h\u00e9berge ses propres vid\u00e9os sur une serveur qu&rsquo;il op\u00e8re.<\/p>\n<p><a href=\"https:\/\/peertube.serveur.slv-valbonne.fr\/videos\/local\">Les vid\u00e9os de SLV<\/a><\/p>\n<p><a href=\"https:\/\/serveur.slv-valbonne.fr\/dokuwiki\/doku.php?id=slvpartage:peertube\">Projet de diffusion et d&rsquo;aide \u00e0 la cr\u00e9ation de vid\u00e9os.<\/a><\/p>\n<p>&nbsp;<\/p>\n","protected":false},"excerpt":{"rendered":"<p>SLV h\u00e9berge ses propres vid\u00e9os sur une serveur qu&rsquo;il op\u00e8re. Les vid\u00e9os de SLV Projet de diffusion et d&rsquo;aide \u00e0 la cr\u00e9ation de vid\u00e9os. &nbsp;<\/p>\n","protected":false},"author":1,"featured_media":0,"parent":0,"menu_order":0,"comment_status":"closed","ping_status":"closed","template":"","meta":{"_bbp_topic_count":0,"_bbp_reply_count":0,"_bbp_total_topic_count":0,"_bbp_total_reply_count":0,"_bbp_voice_count":0,"_bbp_anonymous_reply_count":0,"_bbp_topic_count_hidden":0,"_bbp_reply_count_hidden":0,"_bbp_forum_subforum_count":0,"footnotes":""},"class_list":["post-95","page","type-page","status-publish","hentry"],"_links":{"self":[{"href":"https:\/\/serveur.slv-valbonne.fr\/blog\/wp-json\/wp\/v2\/pages\/95","targetHints":{"allow":["GET"]}}],"collection":[{"href":"https:\/\/serveur.slv-valbonne.fr\/blog\/wp-json\/wp\/v2\/pages"}],"about":[{"href":"https:\/\/serveur.slv-valbonne.fr\/blog\/wp-json\/wp\/v2\/types\/page"}],"author":[{"embeddable":true,"href":"https:\/\/serveur.slv-valbonne.fr\/blog\/wp-json\/wp\/v2\/users\/1"}],"replies":[{"embeddable":true,"href":"https:\/\/serveur.slv-valbonne.fr\/blog\/wp-json\/wp\/v2\/comments?post=95"}],"version-history":[{"count":6,"href":"https:\/\/serveur.slv-valbonne.fr\/blog\/wp-json\/wp\/v2\/pages\/95\/revisions"}],"predecessor-version":[{"id":101,"href":"https:\/\/serveur.slv-valbonne.fr\/blog\/wp-json\/wp\/v2\/pages\/95\/revisions\/101"}],"wp:attachment":[{"href":"https:\/\/serveur.slv-valbonne.fr\/blog\/wp-json\/wp\/v2\/media?parent=95"}],"curies":[{"name":"wp","href":"https:\/\/api.w.org\/{rel}","templated":true}]}}